1
-51e1e (base 15) to base 12
-10633b
Convert -1791206 (base 14) to base 3.
-210220112110021
What is 64695 (base 12) in base 14?
36305
What is -2003003 (base 8) in base 13?
-155453
-14d6f (base 16) to base 8
-246557
-3321551 (base 9) to base 15
-2541b7
What is -103542044 (base 6) in base 16?
-1c71ac
Convert 15946a (base 12) to base 7.
3063664
Convert -1582878 (base 9) to base 3.
-1122202222122
What is 5a3cb (base 14) in base 16?
35c7f
Convert 135880 (base 11) to base 8.
637315
22222753 (base 8) to base 11
2784752
-3fa03 (base 16) to base 9
-436437
What is -203003111 (base 4) in base 6?
-3024405
100101110011111010011100 (base 2) to base 15
d0bd29
What is -19474d (base 16) in base 3?
-10010011111112
What is -36956 (base 15) in base 9?
-285000
-1116d (base 15) to base 9
-82464
-88028 (base 11) to base 6
-2423410
Convert 2dc464 (base 14) to base 5.
402440411
Convert -1111201200 (base 3) to base 7.
-152364
10201210021201 (base 3) to base 12
7b8061
What is 2240d (base 15) in base 4?
122211301
Convert 1111000111000011 (base 2) to base 5.
3440031
What is 619864 (base 10) in base 14?
121c80
What is -14711133 (base 9) in base 14?
-d8b141
What is 14133 (base 15) in base 14?
1967c
What is -33031232 (base 4) in base 15?
-136e8
26704 (base 8) to base 16
2dc4
What is 1787a1 (base 11) in base 4?
1003023020
Convert -3414313 (base 5) to base 16.
-eca7
317815 (base 9) to base 11
11a399
b5b2a (base 15) to base 12
2395a1
Convert 34416 (base 7) to base 12.
5100
660177 (base 9) to base 14
a3735
-341661 (base 9) to base 10
-204661
-31330211323 (base 4) to base 14
-6b2551
What is -204140404 (base 5) in base 8?
-3173107
What is -55210 (base 6) in base 12?
-4506
What is 45648 (base 10) in base 7?
250041
429837 (base 10) to base 14
b2909
What is -3531 (base 16) in base 2?
-11010100110001
Convert -1142210 (base 6) to base 8.
-165336
12202666 (base 7) to base 5
234442413
Convert c856 (base 15) to base 9.
64120
-265120 (base 8) to base 5
-10432002
-40643 (base 10) to base 3
-2001202022
What is -8416487 (base 9) in base 4?
-101022121312
4315331 (base 8) to base 3
2011121122121
Convert a1441 (base 12) to base 9.
348604
What is 256650 (base 8) in base 2?
10101110110101000
Convert 5750126 (base 8) to base 5.
344420122
3b165 (base 13) to base 2
11010111000010110
5573725 (base 8) to base 11
9389a8
-61103 (base 11) to base 9
-145443
-c53201 (base 15) to base 7
-142460602
What is 320615 (base 7) in base 16?
d8e9
Convert -e57c (base 16) to base 4.
-32111330
467320 (base 8) to base 7
1232561
What is 987623 (base 10) in base 7?
11252240
416aa64 (base 11) to base 14
d9468b
What is 3063b4 (base 14) in base 5?
404140212
11222120211010 (base 3) to base 9
4876733
6a671a3 (base 11) to base 8
57040171
34203233 (base 5) to base 12
127814
Convert -65957 (base 10) to base 9.
-110425
What is 114011501 (base 6) in base 14?
3dca73
Convert 10454401 (base 8) to base 12.
906801
Convert f7508 (base 16) to base 9.
1813515
Convert -122122011 (base 5) to base 6.
-20253540
Convert -3257451 (base 9) to base 11.
-a96365
What is -101100000011110 (base 2) in base 13?
-a363
Convert 31540661 (base 7) to base 12.
a94292
Convert -419478 (base 10) to base 3.
-210022102020
Convert -6d14e (base 15) to base 16.
-54f14
Convert -104bea7 (base 16) to base 11.
-9711658
1105065 (base 7) to base 11
93385
Convert 3230231103 (base 4) to base 3.
1211020222110
Convert 209413 (base 15) to base 12.
629023
Convert -11a1488 (base 12) to base 16.
-348f68
Convert -5b611a (base 13) to base 5.
-1024342020
Convert -1716160 (base 8) to base 10.
-498800
3105560 (base 7) to base 6
11545032
What is 450142 (base 8) in base 16?
25062
What is -111220220222 (base 3) in base 5?
-32232144
Convert 29c075 (base 16) to base 14.
513261
-143024303 (base 5) to base 13
-20428c
Convert -1519a (base 14) to base 5.
-3134333
What is -1007ab (base 13) in base 16?
-5af89
Convert 134c195 (base 13) to base 9.
12388328
Convert 24262531 (base 8) to base 14.
9cc01b
What is 1556214 (base 9) in base 3?
1121220020111
42332322 (base 5) to base 12
151775
-32814 (base 15) to base 14
-42684
-6a539 (base 13) to base 14
-50ad7
44c84d (base 14) to base 6
122051045
12014212 (base 5) to base 15
22b57
Convert -232a04 (base 12) to base 8.
-2117044
Convert -608773 (base 10) to base 15.
-c059d
1003220132110 (base 4) to base 10
17729428
-41701 (base 8) to base 5
-1023340
Convert 2230633 (base 8) to base 16.
9319b
Convert -45cb39 (base 14) to base 2.
-1001000100101100001111
What is 164708 (base 9) in base 12?
4ab82
What is -155569 (base 12) in base 7?
-3035154
Convert b909f (base 16) to base 7.
6304451
What is -715657 (base 8) in base 2?
-111001101110101111
Convert bcec (base 16) to base 7.
261001
What is -266978 (base 10) in base 14?
-6d41c
-d354 (base 14) to base 4
-20313232
Convert 187bb4 (base 12) to base 15.
86e91
What is -100549 (base 15) in base 14?
-15b265
What is -1334150 (base 11) in base 16?
-232889
-1203444323 (base 5) to base 3
-12021002112121
Convert -3ab2c (base 15) to base 7.
-1412343
What is 11212141030 (base 5) in base 10?
12615140
-324a43 (base 11) to base 3
-222100221211
What is -12320232 (base 4) in base 8?
-67056
-1204312341 (base 5) to base 12
-b34671
45c28 (base 13) to base 4
133010323
Convert 1122020021120 (base 3) to base 5.
210330010
What is 11212200010020 (base 3) in base 13?
6c9852
Convert -155a27 (base 12) to base 11.
-228498
Convert 526112 (base 9) to base 7.
2442023
3b073 (base 14) to base 13
5131b
Convert 3120020 (base 6) to base 3.
21122020110
Convert 1034524505 (base 6) to base 11.
6323708
-551220 (base 6) to base 9
-68563
What is -232213113 (base 4) in base 3?
-100200220200
What is 18633 (base 15) in base 9?
130353
Convert -103224012 (base 5) to base 12.
-195997
-25878 (base 12) to base 4
-30202130
What is -3990194 (base 12) in base 7?
-165523303
85008 (base 14) to base 2
1001110011000100000
Convert 17731027 (base 8) to base 7.
50324100
Convert -4b3d1 (base 16) to base 4.
-1023033101
Convert -40554545 (base 6) to base 4.
-10130231201
120111021012211 (base 3) to base 5
4101422004
5d0b97 (base 14) to base 15
430662
What is -48650a (base 16) in base 12?
-1709776
1163711 (base 8) to base 9
538881
What is 16023a7 (base 13) in base 14?
d1aa57
3102144003 (base 5) to base 2
10111111111000000010010
-1030130020 (base 4) to base 3
-120220111011
What is 102c6 (base 16) in base 13?
241cb
-34577 (base 8) to base 3
-202012011
384916 (base 12) to base 9
1652750
What is ba078b (base 14) in base 15?
847299
638aa1 (base 15) to base 12
170575a
What is -2175131 (base 9) in base 5?
-244442422
3062003 (base 7) to base 10
368042
What is 1401140 (base 6) in base 5?
4444121
-46634066 (base 7) to base 3
-21201210012212
-13004153 (base 9) to base 16
-615b31
Convert -1210002103 (base 4) to base 3.
-202211001211
Convert -1460577 (base 11) to base 10.
-2504300
-11102221200 (base 3) to base 2
-10101010110010100
What is -225935 (base 10) in base 15?
-46e25
What is 202062 (base 7) in base 15?
a299
Convert -31666b (base 13) to base 11.
-720079
Convert 11221210200201 (base 3) to base 15.
37051d
What is 41943 (base 10) in base 8?
121727
Convert 5e73c (base 15) to base 16.
49bb7
What is 4414215 (base 8) in base 14?
22c297
-11000011011010100111 (base 2) to base 14
-16b9b1
Convert -10111101111101101000 (base 2) to base 7.
-6420323
Convert -200123234 (base 5) to base 9.
-1427250
What is 2090102 (base 10) in base 15?
2b4452
Convert a90a49 (base 11) to base 4.
12221222312
Convert 13240012 (base 5) to base 15.
29972
Convert 4278771 (base 9) to base 13.
62523a
What is -2202101022121 (base 3) in base 2?
-101100101011100000000
What is 30447 (base 14) in base 6?
2253251
What is 2410131124 (base 5) in base 10?
5552039
Convert 126052 (base 14) to base 11.
3a1251
What is -10362465 (base 7) in base 11?
-558164
-2794697 (base 13) to base 6
-1124201152
Convert 424103120 (base 5) to base 7.
21112312
Convert 217701 (base 10) to base 9.
361560
-52172 (base 15) to base 14
-6ab83
What is -1110001101100011100000 (base 2) in base 7?
-43444423
725644 (base 12) to base 13
4aa079
What is 38111 (base 16) in base 10?
229649
What is 54272 (base 11) in base 13?
29b75
What is 5255506 (base 11) in base 6?
530252042
Convert 10261013 (base 8) to base 3.
11010011002011
15723154 (base 8) to base 11
2071121
Conver